se 0 = -5*d + n - 23, -5*d = 4*n + 23 + 10. Determine m(d).
-5
Let r(s) be the first derivative of s**2/2 - 4*s - 2. Calculate r(-3).
-7
Let j(d) be the first derivative of d**5/20 - d**4/3 - d**3/6 + 2*d**2 + 3*d - 1. Let c(g) be the first derivative of j(g). Calculate c(4).
0
Let q(i) be the second derivative of -i**3/6 + i**2/2 + 34*i. What is q(6)?
-5
Let m = 75 + -78. Let l(b) = b**3 + 3*b**2 + 4*b. What is l(m)?
-12
Let g(a) = -a**2 - 7*a - 5. Suppose 0*q + 4 = -q - 2*f, 0 = -4*f. Calculate g(q).
7
Let r(y) be the third derivative of y**6/120 - y**5/12 - y**4/24 + y**3/3 - 4*y**2 + 3. Determine r(5).
-3
Suppose 0 = 15*y - 8 - 67. Let q(u) be the third derivative of 0*u - 1/6*u**4 + 1/60*u**y + 1/3*u**3 - 3*u**2 + 0. What is q(3)?
-1
Let r = 0 + 3. Suppose 0 = 4*g + r + 13. Let t(w) be the second derivative of -w**3/6 - w**2/2 - 16*w. What is t(g)?
3
Let d be (4/(-3))/((-1)/3). Let s(c) = 2*c**2 - 3 - 302*c**3 + d*c**2 + 303*c**3 + 4*c. Calculate s(-5).
2
Let l(f) = 3*f + 5. Let a be l(-2). Let c = a + 3. Let b(h) = -h**3 + 4*h**2 + h. Determine b(c).
10
Suppose -3*k - 4*m + 29 = 0, 5*k + m - 25 = -5. Suppose -w + 20 = k*w. Let h(u) = -u**2 + 2*u + 7. Give h(w).
-8
Let z(s) = s**3 + 2*s**2 + 1. Let w(n) = 2*n - 6. Let m be w(3). Suppose m = -2*l - 6*a + 2*a + 8, 5*a - 5 = -5*l. What is z(l)?
1
Let y(n) be the second derivative of -n**4/12 + 7*n**3/6 - 5*n**2/2 + 5*n. Let x be y(6). Let w(c) = -5*c + 1. Give w(x).
-4
Let l(p) = -p**2 + 4*p. Let b(k) = -k - 4. Let r be b(-7). Let t be 2 + (-4 - -2) + 1. Let x be t/(((-6)/(-8))/r). What is l(x)?
0
Let w(s) = s**3 - 7*s**2 + 3*s + 6. Let g(q) = q + 9. Let p be g(-11). Let j = 8 + p. Determine w(j).
-12
Let z(s) = 1 + 7*s - 9*s + 0 - 2. Give z(7).
-15
Let w(i) = -i + 4. Let y be w(10). Let a = 8 + y. Let p(s) = 1 - 1 + 6*s - 3. Determine p(a).
9
Let w(n) = 3*n - 2. Suppose -4*k + 2*m + 6 = -0*m, 37 = 3*k + 5*m. Suppose -o = o - k. What is w(o)?
4
Let u(b) = -5*b - 4. Let r be (-16)/6*(-9)/(-4). Let s(k) = 14*k + 11. Let i(l) = r*s(l) - 17*u(l). What is i(3)?
5
Let q be (-14)/4*(-2 + 4). Let x(i) = -i + 2. Calculate x(q).
9
Let a = 2 - 5. Let b(q) = -q - 10. Let t(m) = m + 9. Let r(n) = -3*b(n) - 4*t(n). Determine r(a).
-3
Let y = -14 + 9. Let c(w) = -7*w**2 - 10*w - 5. Let u(x) = -3*x**2 - 5*x - 2. Let a(k) = 2*c(k) - 5*u(k). What is a(y)?
0
Let c(p) = -p**3 - 5*p**2 - 3*p + 4. Let j(b) = -5*b**3 - 25*b**2 - 16*b + 21. Let t(g) = 11*c(g) - 2*j(g). Let a = 3 + -7. What is t(a)?
-10
Let l(s) = -s + 18. Suppose 5*f = 4*b + 47, 5*f + b + 0*b - 57 = 0. Let n = 11 - f. Give l(n).
18
Suppose -m + 4 = -3*m. Let a(j) be the first derivative of -j**2/2 + 1. Let h(w) = -w + 1. Let u(o) = a(o) - 2*h(o). Determine u(m).
-4
Suppose -4*g + 8 = -0. Let i(z) be the second derivative of 1/3*z**3 - 2*z - z**g + 0. Calculate i(-2).
-6
Suppose 17 = j - 4*l, 0 = j + j + l + 2. Let n(y) = 5 - 4*y - 3 - 3. Give n(j).
-5
Let l(n) = n**3 + 5*n**2 + 10*n + 3. Let c be l(-3). Let t(u) = -u**2 - 12*u + 1. Give t(c).
28
Let n(j) = j. Let c be (-2 + 8/6)*6. Let q(x) = -x + 1. Let f(u) = c*q(u) - 3*n(u). What is f(3)?
-1
Let j(x) = -3*x + 3*x - 8 + 3*x - 4*x. Let y = 8 + -3. Let s = 1 - y. What is j(s)?
-4
Let r(o) = -o**3 - 8*o**2 + 9*o + 4. Suppose l - 59 = 4*x - 197, 0 = -x + 5*l + 25. Suppose -3*n = -8 + x. Let s be r(n). Let c(f) = f. Calculate c(s).
4
Let j(d) = 2*d**2 + 3*d + 3. Let n(v) = -5*v**2 - 8*v - 8. Let z(h) = 8*j(h) + 3*n(h). Let m(y) = y**3 - 8*y**2 + 8*y - 6. Let t be m(7). Calculate z(t).
1
Let r(o) = o - 10. Let g be r(9). Let q be g + -1 + (-60)/(-3). Suppose -5*f + q = -2. Let v(i) = -i**3 + 4*i**2 + i + 3. Determine v(f).
7
Let j(t) = t**3 + 5*t**2 + 3*t - 2. Let z be j(-4). Let a(m) = -3 + 4 + 5*m + m**z - 4*m + m**3. Let s = 16 - 17. Give a(s).
0
Let d be (8/(-6))/(4/6). Suppose -5*r + 10 = -20. Let o(q) = 0*q**2 + 7 - q**3 + 2*q - q**2 - r. Calculate o(d).
1
Let v = 17 - 10. Let a = v + -10. Let w(n) = -n - 3. Determine w(a).
0
Suppose 30 - 39 = -3*y. Let q(n) = -n**3 + 2*n**3 + 0*n**3 - 5*n**2 + 4*n. Determine q(y).
-6
Let r(x) = x**2 - 9*x + 5. Let u be r(9). Let b(s) = s**3 - 6*s**2 + 3*s + 5. Let f be b(u). Let y(m) = m**3 + 4*m**2 - 5*m - 1. Determine y(f).
-1
Let s be -1 + (-8)/(-1 + 3). Suppose g + 5 = 2*g. Let k(q) = 0*q**2 + 4*q**2 - g*q - 4 + q**3 - 3. What is k(s)?
-7
Let u(f) = -f**3 - 6*f**2 - 2. Let c be 2 + 2 - 0 - 10. Determine u(c).
-2
Let l = 172 - 178. Let q(y) = -y**2 - 7*y + 1. Give q(l).
7
Suppose 5*s + 38 = -3*v - 4, -44 = 4*s + 5*v. Let c(j) = 4 + 2*j - 4*j + j - 14. Determine c(s).
-4
Let c(u) = 5*u + 0*u - 2*u. Let k(q) = -q - 7. Let l(i) = 3. Let a(p) = -3*k(p) - 7*l(p). Let o(m) = -6*a(m) + 5*c(m). Determine o(1).
-3
Let k(q) be the third derivative of q**6/120 + q**5/10 + q**4/12 - 5*q**3/6 + 12*q**2. Give k(-5).
10
Let x(p) = p - 3. Let o(z) = z. Let v be o(6). Let i be x(v). Let h(y) = 2*y - 7*y - 1 + 2*y. Determine h(i).
-10
Let j(m) = -m - 4. Let t = -47 - -41. Calculate j(t).
2
Let v = -2 + 8. Let p(n) = -7*n**2 - n + 1. Let c(f) be the second derivative of f**4/12 + 5*f. Let g(a) = v*c(a) + p(a). Give g(0).
1
Let a(f) be the third derivative of 0 + 2*f**2 + 0*f - 1/24*f**4 - 2*f**3. Let k(r) = -r - 9. Let y be k(-4). Determine a(y).
-7
Let l(p) be the second derivative of -p**8/6720 + p**7/504 + p**6/120 - p**5/30 + p**4/4 + 2*p. Let q(j) be the third derivative of l(j). Calculate q(6).
-4
Suppose 4*g + c + 31 = 0, g + 0*g = 4*c - 12. Let z = -5 - g. Let q(p) = -5 - 4*p + 1 + z. Calculate q(-1).
3
Let t(i) = -14*i. Suppose -2*s = -p + 4, 0 = -s - 12*p + 9*p + 5. Determine t(s).
14
Let g(s) = -s**3 + 7*s**2 + 10*s - 10. Let y(a) = 4*a - 4. Let p be y(3). Give g(p).
6
Let p(b) = -7*b**3 + 3*b**2 + 9*b + 1. Let k(d) = 15*d + 13*d + 3 + 8*d**2 - 20*d**3 - 2*d. Let x(t) = -6*k(t) + 17*p(t). What is x(-3)?
8
Suppose 21*y - 76*y - 55 = 0. Let l(w) = 3 - 2*w**3 + 5*w**3 - 2*w**2 - 2. Give l(y).
-4
Let w(z) be the third derivative of z**7/840 + z**4/12 - z**3/3 - z**2. Let b(t) be the first derivative of w(t). Let y = -2 + 2. Determine b(y).
2
Let m(w) = -3*w - 2. Let b be m(-2). Let n be (-9)/(-12)*-1*b. Let x(s) = s + 7. Give x(n).
4
Let h(y) be the first derivative of y**7/840 + y**6/72 + y**4/4 + 4*y**3/3 - 5. Let c(p) be the third derivative of h(p). Determine c(-5).
6
Let k(m) = -m**2 - m + 1. Let s be k(2). Let a(n) = n + 6. Let i be a(s). Let r(y) = -7*y - 1. Calculate r(i).
-8
Suppose 0 = 3*l - 0*l - 9. Let m(i) = i - 1 - 2*i + 3*i - i**2. Determine m(l).
-4
Let z(v) = 10*v**3 - 2*v**2 + 2*v - 1. Suppose 24 = 5*d - 36. Suppose -7*u + d = -4*u. Suppose -l = 2*l + 4*s - 7, 0 = u*l - s - 3. What is z(l)?
9
Let n(h) be the first derivative of -h**4/4 + 2*h**3/3 - 3*h**2/2 + 2*h - 4. Let y be (-26)/(-5) - (-2)/(-10). Let g = y + -3. Calculate n(g).
-4
Let b(l) = -l**3 - 4*l**2 + 6*l + 4. Suppose -6 = -2*k - 0, 2*n - 2*k = -2. Suppose -35 = 2*g - 5*h, n*g + 2*h = -0*h. What is b(g)?
-1
Suppose 3*v - 4 = y - 3, 4*v = 2*y. Let c(f) = -f**y + 5 - 5*f + 4 - 3 + 2*f. Give c(-5).
-4
Let q = -6 + 7. Let l(f) = -q + 7*f**2 - 3*f**2 + 2*f - 1. Determine l(-2).
10
Let x(q) = 3*q**2 - 3*q - 1. Let w(o) = -7*o**2 + 7*o + 3. Let f(v) = -2*w(v) - 5*x(v). Let z(r) be the first derivative of f(r). Give z(3).
-5
Let o(y) = -11*y**3 + y**2 - y - 1. Let g be (3 + (-24)/9)*-3. What is o(g)?
12
Let f(x) = -x**3 - 5*x**2 - 3*x. Let q = -7 - -6. Let m(l) = l**3 + 2*l**2 - 1. Let w be m(q). Let u be (w + -2)/(10/15). What is f(u)?
-9
Let m(g) = g**3 + 13*g**2 + g + 18. Let k be m(-13). Let q(j) = 5*j - 4. Let h(z) = 6*z - 5. Let d(x) = 6*h(x) - 7*q(x). Give d(k).
3
Let l be 3 + 13/(-5) + (-74)/10. Let n(j) = j**2 + 9*j + 6. Give n(l).
-8
Let y(b) = -2*b**3 + 4*b**2 - 3*b + 1. Suppose -f + 4 = 2. Suppose -j - 3 = -w, -f*w + 45 = 3*w + 5*j. Let q(u) = -u + 8. Let c be q(w). Determine y(c).
-5
Let j be (0 + 0)/((-2)/(-1)). Let i be (2/4)/((-11)/(-44)). Let c(v) = 3*v**3 - 4*v**3 - v**i - 10 + 3. Give c(j).
-7
Let i(f) be the second derivative of -f**4/12 + f**3 - 3*f**2/2 + f - 3. What is i(2)?
5
Let y(r) = -7*r + 58. Let v be y(9). Let x(m) = m**2 + 3*m - 5. Give x(v).
5
Let h = 3 + 4. Suppose h - 5 = -2*q. Let o(g) = 4*g + 1. What is o(q)?
-3
Let w = 47 + -41. Let h(r) be the third derivat